 divided by s.
19
Suppose 2*t - 4*l - 70 = 0, -3*l - 101 - 46 = -5*t. Calculate the remainder when 187 is divided by t.
25
Let w = 129 + -84. Let y = 82 - w. Calculate the remainder when 257 is divided by y.
35
Let z = 144 + -21. What is the remainder when z is divided by 9?
6
Suppose 0 = 2*u - 107 - 9. Suppose 14 = -u*x + 59*x. What is the remainder when x is divided by 4?
2
Suppose 454*g - 450*g = 164. Calculate the remainder when g is divided by 22.
19
Let h(o) = -o**2 - 19*o + 24. Suppose -43*d + 40*d - 54 = 0. Calculate the remainder when 81 is divided by h(d).
39
Suppose 202 = 3*i - w, -4*i = -6*i - 2*w + 148. Suppose -9*n + 27 = -6*n. Calculate the remainder when i is divided by (1/(-2))/(n/(-216)).
9
Calculate the remainder when (-2)/((-6255)/(-522) - 12) is divided by -24*(10/(-6) - 0).
36
Suppose f + 4 + 14 = 0. Let q = f - -33. What is the remainder when 70 is divided by q?
10
Let h(c) be the third derivative of -6*c**2 + 5/2*c**3 + 0 - 1/24*c**4 + 0*c. Calculate the remainder when 42 is divided by h(0).
12
Let v(i) = 2 - 71*i - 1 + 61*i. What is the remainder when 61 is divided by v(-1)?
6
Suppose 12*a - 6*a = 192. What is the remainder when 253 is divided by a?
29
Suppose 240 - 40 = 5*p. Suppose 5*n - p + 5 = 0. What is the remainder when 26 is divided by n?
5
Suppose a + 12*c = 11*c + 35, 4*a - 112 = 3*c. What is the remainder when a is divided by 18?
13
Suppose -2*g + 14 + 3 = 3*w, -3*g - 2*w + 18 = 0. Suppose 0 = 8*o - g*o - 64. What is the remainder when 26 is divided by o?
10
Suppose 5*s + 70 = 5*d, d - 606*s - 14 = -601*s. Let c = -7 + 15. What is the remainder when d is divided by c?
6
Suppose -2145 = -8*i + 959. Calculate the remainder when i is divided by 60.
28
Suppose 5*d - 168 = -d. Let t = 50 - d. Calculate the remainder when 63 is divided by t.
19
Suppose -8*f + t + 205 = -3*f, 2*t = -5*f + 205. Let k(o) = o**3 + 7*o**2 - 2*o. Calculate the remainder when f is divided by k(-7).
13
Suppose -5*o + 3*m = 2*m - 11, -3*m = 3*o - 21. What is the remainder when 19 - o*2/(-2) is divided by -2 + 1*8 - -2?
6
Suppose -24*j = 39*j - 20979. Calculate the remainder when j is divided by 56.
53
Let m = 1 + 3. Suppose 0 = 2*g + x - 17, m*g - g - 33 = x. Calculate the remainder when 69 is divided by g.
9
Let v = -678 - -698. Calculate the remainder when 192 is divided by v.
12
Suppose 3*o + 7 = n - o, 2*n + 5*o + 51 = 0. Let g(h) = 2*h**2 + 24*h + 5. Calculate the remainder when g(n) is divided by 8.
7
Suppose -5*m - 38 = -2*l, -3*l - l + 94 = -m. Suppose 0*w = 5*w. Suppose -3*x + w = -l. Calculate the remainder when 31 is divided by x.
7
Let p = 591 + -482. Calculate the remainder when p is divided by 19.
14
Let c = 75 + -73. Suppose -5*k + v + c*v = -631, -v + 248 = 2*k. Calculate the remainder when k is divided by 42.
41
Suppose 0 = 2*z, 10 = -3*n + 4*z + 49. Calculate the remainder when 61 is divided by n.
9
Let q(j) = -j**2 - 4*j + 10. Let c = 10 - 3. What is the remainder when c is divided by q(-5)?
2
Let r(p) = -56*p**3 - 2*p**2 - 2*p - 3. Let y(c) = c**3 + c**2 - c. Let t(u) = r(u) + 2*y(u). Calculate the remainder when t(-1) is divided by 14.
13
Calculate the remainder when ((-35)/4)/((-1)/4) is divided by (-1312)/(-72) - (-4)/(-18).
17
Suppose 3*j = 5*t - 149, -j = -5*t - 4*j + 131. Let x(c) = 11*c**3 + 730 - 2*c**2 - 3*c**3 - 733. Calculate the remainder when x(2) is divided by t.
25
Let s(i) = -4*i - 15. Let b(a) = -10*a - 44. Let y(f) = 4*b(f) - 11*s(f). Suppose 0 = 5*v - 0*v - 240. What is the remainder when v is divided by y(6)?
9
Let y = -11 + 11. Suppose y = 2*n - n - 9. Calculate the remainder when 16 is divided by n.
7
Let h(l) = -l**3 + 2*l**2 + 5*l - 4. Let i be h(3). Suppose 3*c + 4*w = 49, i*w - 2 = c - 25. Calculate the remainder when c is divided by 5.
4
Let v(p) = 42*p - 318. What is the remainder when 257 is divided by v(8)?
5
Let l(i) = -i**3 - 10*i**2 - 3*i - 12. Let t be l(-10). Let n = 20 - t. Suppose -n*x = -5*x + 9. Calculate the remainder when 7 is divided by x.
1
Suppose 5*j - 2*j + u = -167, -j - 79 = 5*u. Suppose 4*o - a = 6 + 1, -2*o - 2*a - 4 = 0. Calculate the remainder when j/(-3) - (o - 0) is divided by 6.
5
Suppose x - 52 - 65 = 0. Suppose -109 = -8*c + 11. Calculate the remainder when x is divided by c.
12
Suppose 57 = 2*q + 1. Let o(n) = -3*n**3 + 14*n**2 + 38*n - 43. What is the remainder when o(-4) is divided by q?
25
Let j(s) = -11*s + 61. Calculate the remainder when 898 is divided by j(4).
14
Let h = -66 + 82. Suppose 304 = h*l - 624. What is the remainder when l is divided by 10?
8
Let k = 997 + -982. Calculate the remainder when 866 is divided by k.
11
Let x = 114 + -80. What is the remainder when 127 is divided by x?
25
Suppose 4*q + 12 = 7*q. Suppose 0 = 10*i - 9*i - q. Suppose -5*y + 16 = o, o - 3*y - 2 = 6. What is the remainder when o is divided by i?
3
Let s(h) = -h + 3. Let d = 10 + -8. Calculate the remainder when d is divided by s(1).
0
Let t(l) = -l**3 + l + 51. Let w be t(0). Suppose 13 + w = 4*x. Calculate the remainder when 44 is divided by x.
12
Suppose -4*a + 5*z = -1, 3*a + a - 25 = -3*z. Let o be -1 + a/2 + 37. Let j = -19 + o. What is the remainder when j is divided by 10?
9
Suppose -2*v + 3 = -v. Suppose -23 = -2*z - g, v*g - 32 = -3*z + 10. Calculate the remainder when (-9)/(-3*2/16) is divided by z.
6
Suppose -1438 - 142 = -10*a. Calculate the remainder when a is divided by 48.
14
Suppose 4*m + 17 = 2*n - n, 3*n - 2*m - 1 = 0. What is the remainder when 97 is divided by 30 - (2 + (0 - n))?
22
Suppose -111 - 24 = -5*j - 3*c, 5*c = 2*j - 23. What is the remainder when 51 is divided by j?
3
Let a(b) = -b**2 - 7*b + 4. Let s be 5/(-20)*6*-2. Suppose -n = -r, -3*r - 5*n + 25 = -s*n. Calculate the remainder when r is divided by a(-7).
1
Suppose 4 = 5*m - 6. Suppose m*d - 5*d + 177 = 4*g, 5*g - 5*d = 230. Suppose -l = 3*b - 4*l - g, l = -3*b + 53. Calculate the remainder when 67 is divided by b.
16
Let n = -6 + 9. What is the remainder when -22*((-14)/4 + 3) is divided by n?
2
Suppose 4*k = -12, -2*g + k - 6 = 5*k. Suppose g*c = -2*c + 10. What is the remainder when 5 is divided by c?
1
Suppose 8*o = 3*o. Let s be (-6 + o)/(-3 - -1). Suppose -s*h + 297 = -0*p + p, 99 = h - 3*p. What is the remainder when h is divided by 34?
31
Let z = 33 + -23. Suppose -r + z = -5. Calculate the remainder when 42 is divided by r.
12
Let b(x) = x**3 + x**2 - 2*x + 1. Let w be b(1). What is the remainder when ((-4)/(-1) - (-70)/(-20))*64 is divided by w*(0 + 0 + 11)?
10
Suppose 3*y - 2*c = 318, -2*c + 3*c - 309 = -3*y. Calculate the remainder when (6 - y)/(1/(-1)) is divided by 33.
32
Suppose 26 = -10*p + 96. Let y(x) = -x**3 - 6*x**2 + 6*x - 7. Let t be y(-7). Suppose t = 5*a - 9 - 116. Calculate the remainder when a is divided by p.
4
Calculate the remainder when 21/(2/230*15) is divided by 83.
78
Calculate the remainder when (-666)/(-21)*(133/2)/19 is divided by 28.
27
Suppose d + d + 20 = 4*u, -2*u + 2 = -3*d. Suppose 51 = u*v - 96. Let b(r) = 10*r**2 - 3*r. Calculate the remainder when b(3) is divided by v.
18
Suppose -h - 42 = -2*t + 4*h, -2*t + h = -50. Suppose 0 = 3*n - 13 - t. What is the remainder when 45 is divided by n?
6
Let c(b) = 4*b - 40. Let u(g) = 5*g - 40. Let d(p) = -3*c(p) + 2*u(p). What is the remainder when 22 is divided by d(17)?
4
Suppose -3*z + 2*h = -0*z - 86, 124 = 4*z + 2*h. Let p be (-8 + 0)*z/40. Let s(v) = -2*v + 5. What is the remainder when 83 is divided by s(p)?
15
Let w = -126 + 225. Suppose -2*l - 2*b = -6*b - 196, -l + w = -3*b. Calculate the remainder when l is divided by 25.
21
Let v(i) = -13*i - 37. Suppose -q = -3*q. Suppose q = -k + 4*k - 30. What is the remainder when v(-5) is divided by k?
8
Suppose -9*u = -390 - 1644. Calculate the remainder when u is divided by 19.
17
Suppose 0 = 22*c - 25*c - 3*v + 222, 4*v = 2*c - 160. Calculate the remainder when 451 is divided by c.
71
Let l(t) = t**2 + 4*t - 6. Suppose 24 = -5*r + r. What is the remainder when l(r) is divided by 2?
0
Let y = -115 + 169. What is the remainder when 96 is divided by y?
42
Suppose 0 = 6*n - 5*n + 21. Let a = 19 + n. What is the remainder when ((-4)/(-12))/(a/(-90)) is divided by 10?
5
Let s(b) = 3*b. Let n be s(1). Suppose 4*m - 30 = n*j + 54, -m - 5*j - 2 = 0. What is 